o base 8.
330005
What is 11014121 (base 9) in base 13?
11453b6
What is 232b0b (base 12) in base 6?
20035215
68a377 (base 16) to base 11
3964234
1101011001111010 (base 2) to base 8
153172
Convert 4335261 (base 7) to base 14.
db268
What is 2593664 (base 10) in base 5?
1130444124
Convert -10010110100110000100 (base 2) to base 14.
-120b1a
-8725552 (base 9) to base 8
-21670552
22412441 (base 6) to base 4
2213201221
What is -278243 (base 13) in base 12?
-3a3a02
What is 423b50 (base 12) in base 9?
1860526
Convert 5321545 (base 6) to base 11.
168073
Convert 2251955 (base 11) to base 15.
52ca24
Convert -46606 (base 11) to base 12.
-32b2a
-40737 (base 10) to base 2
-1001111100100001
Convert -646430 (base 8) to base 10.
-216344
What is 6136171 (base 8) in base 14?
302adb
f6e476 (base 16) to base 4
331232101312
What is -222225061 (base 7) in base 8?
-63241600
What is -473534 (base 10) in base 6?
-14052142
What is 86102 (base 9) in base 14?
16a77
Convert 10011111011010010 (base 2) to base 16.
13ed2
Convert 14150124 (base 6) to base 10.
480868
-2e6f0b (base 16) to base 5
-1234334313
What is 2223233 (base 10) in base 9?
4157628
-374b589 (base 12) to base 2
-101001001101010101111001
-375510 (base 10) to base 11
-237143
-a6da8 (base 16) to base 8
-2466650
Convert 520366 (base 7) to base 5.
10322112
-1370353 (base 10) to base 8
-5164361
22523260 (base 7) to base 3
10201012121111
Convert 1a5638 (base 13) to base 2.
10100011010100010101
What is -312003323 (base 5) in base 2?
-100111000111010110001
What is 1418 (base 15) in base 10?
4298
-101344244 (base 5) to base 3
-210021100101
-15541121 (base 7) to base 5
-341141314
-10120321103 (base 4) to base 2
-100011000111001010011
Convert 42102434 (base 5) to base 13.
c2091
Convert -84694b (base 14) to base 4.
-101010122313
1021131 (base 7) to base 11
84346
5437a (base 13) to base 16
25289
Convert 312002 (base 8) to base 6.
2114454
-341031 (base 8) to base 2
-11100001000011001
-73796 (base 16) to base 5
-110113412
4531306 (base 7) to base 10
562330
What is 10101214 (base 5) in base 15?
191de
What is -2d908 (base 15) in base 9?
-243768
242612 (base 7) to base 10
44207
Convert -1311125 (base 6) to base 11.
-49835
-997a4 (base 11) to base 3
-21100111121
Convert 33211223300 (base 4) to base 7.
46510013
Convert -3e27b1 (base 15) to base 2.
-1011011011010010100110
What is -1994442 (base 10) in base 2?
-111100110111011001010
What is 782305 (base 12) in base 4?
13102230311
Convert 211211203 (base 4) to base 10.
153955
What is 100543 (base 11) in base 4?
213132213
What is 100100011010111011101 (base 2) in base 12?
496791
40674 (base 8) to base 16
41bc
Convert -10010111011111000111000 (base 2) to base 3.
-100100012012000
What is 120201111001 (base 3) in base 5?
34400243
Convert 225050401 (base 6) to base 13.
b2806a
16721 (base 13) to base 16
a7c9
-452024 (base 6) to base 10
-38032
What is -101000011011011110 (base 2) in base 13?
-5a4b4
Convert -571576 (base 8) to base 6.
-4051222
-20215030 (base 6) to base 8
-2150432
Convert 22305 (base 12) to base 5.
2422430
Convert 4ba06 (base 13) to base 5.
13440412
-1413431012 (base 5) to base 15
-4c3007
-42a30 (base 13) to base 7
-1010632
Convert 434405 (base 6) to base 8.
106245
Convert -1002e (base 15) to base 5.
-3110134
What is -4fd8 (base 16) in base 14?
-7640
-7403b (base 13) to base 8
-627575
What is -1952099 (base 12) in base 6?
-310144313
-30210 (base 13) to base 11
-59703
-1002300213 (base 5) to base 15
-295b58
Convert -30441310 (base 6) to base 3.
-1122112020020
What is -1aa87 (base 15) in base 3?
-11102000001
Convert 100222211221 (base 3) to base 10.
196720
1015353 (base 7) to base 10
121950
55665 (base 7) to base 14
51a5
Convert 111554 (base 6) to base 8.
22436
What is 333442403 (base 5) in base 14?
2a3234
What is 3026511 (base 8) in base 11?
4a5628
What is -444204 (base 9) in base 10?
-265522
What is 23310221302 (base 4) in base 12?
105566a
-315204 (base 6) to base 3
-1022100211
What is -113232113302 (base 4) in base 7?
-103601632
What is 11002100100 (base 3) in base 14?
2145c
What is 1417652 (base 8) in base 14?
a637c
2112123310 (base 4) to base 6
21112404
What is -504397 (base 11) in base 15?
-11049d
Convert -1111011111001011 (base 2) to base 8.
-173713
Convert -33030020 (base 4) to base 6.
-1200012
Convert -36627202 (base 8) to base 12.
-2853942
Convert -10110221201211 (base 3) to base 5.
-433134104
170b63 (base 15) to base 12
45a026
4a934 (base 11) to base 13
272c5
Convert 138a575 (base 12) to base 16.
3bc2a9
-545335 (base 8) to base 6
-3531125
-207481 (base 10) to base 4
-302221321
-acb900 (base 13) to base 15
-559450
What is -10a412 (base 13) in base 11?
-249a90
Convert -2242404 (base 6) to base 8.
-337704
Convert 8a2a86 (base 12) to base 5.
1030444024
What is -257877 (base 10) in base 12?
-105299
What is -1411342304 (base 5) in base 7?
-42532353
What is -114243 (base 5) in base 2?
-1000011100011
What is -c91ee (base 15) in base 13?
-19470b
What is -2002231 (base 7) in base 6?
-5021024
-497579 (base 10) to base 2
-1111001011110101011
232100033331 (base 4) to base 8
56201775
Convert 1ab453 (base 14) to base 13.
274a28
What is 511096 (base 10) in base 9?
858074
What is 204597 (base 11) in base 8?
1200711
-2103102 (base 11) to base 9
-6871731
Convert 140415403 (base 6) to base 15.
3ae60c
What is -1802505 (base 9) in base 15?
-14cebb
21122101112 (base 3) to base 5
14303313
What is -121233023123 (base 4) in base 16?
-66f2db
What is -3b6569 (base 13) in base 10?
-1442164
Convert 377808 (base 9) to base 6.
4523225
-102331113 (base 5) to base 11
-276594
What is -7445b (base 16) in base 4?
-1310101123
What is -175657 (base 14) in base 16?
-c89cd
28744708 (base 9) to base 3
222211111210022
Convert 1000100010001011110 (base 2) to base 3.
112012121021
Convert 1cb6d (base 16) to base 6.
2304301
Convert 10201100 (base 5) to base 6.
1451153
Convert 100414010 (base 5) to base 2.
1100010101100011111
202210122012 (base 3) to base 6
12435305
Convert 100111011110111100101 (base 2) to base 13.
363b7b
What is 101301132200 (base 4) in base 6?
243505532
6a09c8 (base 13) to base 15
34a303
What is 31131321 (base 4) in base 2?
1101011101111001
Convert 2164a2 (base 12) to base 9.
886255
What is -55964 (base 11) in base 8?
-236173
-56376 (base 8) to base 5
-1230211
2971196 (base 10) to base 5
1230034241
Convert 1681b78 (base 12) to base 6.
243343432
-2544413 (base 7) to base 12
-13b32b
112110012222 (base 3) to base 10
284471
What is 121333313 (base 4) in base 14?
2ab43
What is -12005455 (base 7) in base 13?
-2b1ab5
-173d78 (base 16) to base 11
-950334
What is 70121 (base 13) in base 3?
101011111222
What is -13213221 (base 5) in base 14?
-3630b
What is 303033 (base 4) in base 5?
101104
Convert -4332c9 (base 14) to base 16.
-22b811
Convert -1207203 (base 8) to base 7.
-2550111
What is 101110010001000 (base 2) in base 10?
23688
Convert -6933c1 (base 13) to base 3.
-11200121110121
Convert 4ddd6 (base 14) to base 13.
6956a
Convert -110420411 (base 6) to base 8.
-7465267
Convert 1313042 (base 6) to base 16.
11912
What is -7479209 (base 11) in base 13?
-2959bc0
37042543 (base 8) to base 5
4041103402
1110000100001001100 (base 2) to base 15
91851
What is 10020202001112 (base 3) in base 8?
6455102
What is 42a2d1 (base 14) in base 10?
2256143
-23352252 (base 7) to base 12
-836040
What is -97353 (base 10) in base 6?
-2030413
-100011000111011011011 (base 2) to base 7
-12531522
Convert 11121120201011 (base 3) to base 7.
26562052
100101111110011011 (base 2) to base 3
21220101000
20005531 (base 6) to base 14
108703
What is 3b63a8 (base 13) in base 4?
11200001111
-979007 (base 10) to base 16
-ef03f
-10001011212 (base 3) to base 12
-2a805
Convert -10010011111001011110100 (base 2) to base 14.
-902220
Convert 2d2393 (base 15) to base 16.
2154f6
973eb (base 16) to base 7
5160056
-156039 (base 10) to base 3
-21221001020
2947a (base 11) to base 13
1606b
Convert -2346d (base 16) to base 4.
-203101231
-4b876 (base 12) to base 4
-121030122
What is 15a60a0 (base 13) in base 4?
122220220310
Convert b4043 (base 12) to base 2.
111001011000110011
Convert -111b0 (base 16) to base 4.
-101012300
Convert 34234022 (base 5) to base 9.
515067
Convert 51c23 (base 16) to base 9.
560332
What is -321013232 (base 4) in base 3?
-1022122211